45010?
-43545003
In base 9, what is -2635 + 20?
-2615
In base 14, what is -4 - d9153?
-d9157
In base 14, what is -13 + -19423?
-19436
In base 16, what is 2 + -a778?
-a776
In base 7, what is 604 + -1156?
-252
In base 13, what is -2a8c7 - 1?
-2a8c8
In base 3, what is -11 + 1022112020?
1022112002
In base 11, what is 5a5 - a4?
501
In base 11, what is 1a7a + 5?
1a84
In base 13, what is 1 - -a575?
a576
In base 6, what is 42 - -2143240?
2143322
In base 12, what is -21346 + 5?
-21341
In base 15, what is 431 - -147?
578
In base 12, what is 71945 - 26?
7191b
In base 4, what is -1 - -313321101?
313321100
In base 12, what is -1 - 5115b?
-51160
In base 11, what is -27 + 177?
150
In base 12, what is -106329 - -12?
-106317
In base 12, what is 117 - 21b0?
-2095
In base 11, what is 36 + 34645?
34680
In base 10, what is -4 + 339784?
339780
In base 3, what is 10 + 101111220?
101112000
In base 13, what is 3 + -c397?
-c394
In base 13, what is 54 + 224?
278
In base 5, what is 4 + 31412?
31421
In base 6, what is -20045305 - -5?
-20045300
In base 11, what is -37064 - -4?
-37060
In base 8, what is 5 + -21332?
-21325
In base 5, what is 3 - -13201011?
13201014
In base 7, what is -254 + 41435?
41151
In base 3, what is 120200121221 - 11?
120200121210
In base 11, what is -57a - 489?
-a58
In base 15, what is -b + -272?
-27d
In base 8, what is -11 - -355636?
355625
In base 5, what is -10 + 4122432?
4122422
In base 11, what is -583 + 8?
-576
In base 14, what is -4ad8 + 59?
-4a7d
In base 6, what is -24 + 215?
151
In base 12, what is 71158 - 5?
71153
In base 11, what is 73 + -727?
-664
In base 16, what is -84a8 + -f?
-84b7
In base 11, what is 5 - -5a6334?
5a6339
In base 4, what is 201 - -302300?
303101
In base 5, what is -13413 + -1?
-13414
In base 14, what is -51a3 + -4?
-51a7
In base 6, what is -124411 + 0?
-124411
In base 5, what is 212202 - -111?
212313
In base 13, what is -8 + 2448a?
24482
In base 10, what is 850 - -280?
1130
In base 6, what is -122344 + -124?
-122512
In base 3, what is -1122201012 - 120?
-1122201202
In base 6, what is 105115305 + -4?
105115301
In base 5, what is 33432324 - -2?
33432331
In base 12, what is -1871223 + -3?
-1871226
In base 12, what is -10912 + 113?
-107bb
In base 6, what is -14552431 + 0?
-14552431
In base 6, what is -13254533 - 5?
-13254542
In base 14, what is -6cb5 + -18?
-6ccd
In base 8, what is 44637 + 1?
44640
In base 2, what is -10 - -1010101100?
1010101010
In base 16, what is 12e1 + 1c6?
14a7
In base 12, what is 17 - -159?
174
In base 13, what is -2256 + -92?
-2318
In base 8, what is -5 - 4115553?
-4115560
In base 11, what is -10a0 - 0?
-10a0
In base 16, what is 7 - 9e2?
-9db
In base 14, what is 1 - 6a021?
-6a020
In base 5, what is 20412112 + -2?
20412110
In base 14, what is -20d391 - -6?
-20d389
In base 2, what is -1001 - 101110001011100110?
-101110001011101111
In base 14, what is 2b - -b58?
b85
In base 16, what is -db1 + -10?
-dc1
In base 8, what is -244611 + 2?
-244607
In base 5, what is 244 - -1401?
2200
In base 9, what is 66 - -2732?
2808
In base 2, what is -100 - -10111011001010?
10111011000110
In base 7, what is 501 - -106?
610
In base 11, what is -2713 - 14?
-2727
In base 14, what is -1 + -3b6a?
-3b6b
In base 6, what is 2 - -123543?
123545
In base 14, what is 3ad - 740?
-371
In base 15, what is -8e1 + a?
-8d6
In base 7, what is -4 - 103443?
-103450
In base 9, what is 78 + 55021?
55110
In base 5, what is 1034132102 - 4?
1034132043
In base 8, what is -46 - 1342?
-1410
In base 3, what is -220200221 - 2?
-220201000
In base 15, what is -1 - -36047?
36046
In base 12, what is -b84301 + 0?
-b84301
In base 8, what is 37 - 2166?
-2127
In base 4, what is 213130 - 2223?
210301
In base 4, what is 122 + 3331?
10113
In base 3, what is -121 - -22202202?
22202011
In base 6, what is 1130 + -504?
222
In base 11, what is 1617 + -116a?
458
In base 7, what is -3251126 + 3?
-3251123
In base 11, what is 197 + 1a2?
389
In base 2, what is -11000111 - -1011011101010?
1011000100011
In base 4, what is -3002310300 + -11?
-3002310311
In base 7, what is -14 + 542225?
542211
In base 5, what is -104 - -2112414?
2112310
In base 13, what is -10 + 2940?
2930
In base 5, what is -242403 - -21?
-242332
In base 13, what is 2 + -39b15?
-39b13
In base 9, what is -2 + 53105?
53103
In base 7, what is -2 + -2421?
-2423
In base 16, what is 5 - -28cd?
28d2
In base 9, what is -156251 + -14?
-156265
In base 8, what is -1637 + -503?
-2342
In base 9, what is -2 + 476311?
476308
In base 9, what is -4 - -56430?
56425
In base 16, what is 4 - 63b7?
-63b3
In base 10, what is 0 + 117988?
117988
In base 4, what is -11212120 - -23?
-11212031
In base 14, what is 31840 + -4?
3183a
In base 14, what is 4ac - -118?
5c6
In base 12, what is -9 - -54a5a?
54a51
In base 14, what is -5a1ab - -5?
-5a1a6
In base 4, what is -20333310 + 2?
-20333302
In base 14, what is -1196 + -d?
-11a5
In base 8, what is 1151 + -45?
1104
In base 15, what is e + -84bd?
-84ae
In base 10, what is -4415 - -11?
-4404
In base 4, what is 11 - 230131?
-230120
In base 12, what is -7a69 - -7?
-7a62
In base 16, what is f5 - -2cd?
3c2
In base 9, what is -80 + -252?
-342
In base 5, what is -103410314 - 4?
-103410323
In base 8, what is -253401 + -4?
-253405
In base 4, what is -1100 - -2020?
320
In base 13, what is -7 + -96757?
-96761
In base 14, what is 5a018 + -2?
5a016
In base 16, what is -1c8 - -858?
690
In base 11, what is -4036 + 42?
-3aa4
In base 2, what is -1100 + -1000101111101110?
-1000101111111010
In base 7, what is -16242 + 66?
-16143
In base 9, what is 2 + 2307440?
2307442
In base 3, what is -1012010120 - -1?
-1012010112
In base 7, what is 3 - -36632?
36635
In base 15, what is -27 - -a1?
79
In base 16, what is -9 - -5333?
532a
In base 4, what is 21313 + -112?
21201
In base 7, what is -12 - 1030?
-1042
In base 10, what is 1516 + -133?
1383
In base 8, what is -31 + 14456?
14425
In base 16, what is -3b3c6 + 2?
-3b3c4
In base 11, what is 2a + 13a3?
1422
In base 5, what is 22142234 - 10?
22142224
In base 4, what is 2030 + -121031?
-113001
In base 3, what is -11120 - -111?
-11002
In base 13, what is 12a61 + -3?
12a5b
In base 7, what is -50 - -204645?
204565
In base 4, what is 132213 + -3113?
123100
In base 3, what is -11 + 102122011?
102122000
In base 6, what is -142 - -5503?
5321
In base 15, what is 17bd4 + 4?
17bd8
In base 10, what is 775 - -532?
1307
In base 3, what is 122111 + -10222?
111112
In base 3, what is -1122002001 - -11?
-1122001220
In base 14, what is 548 + 141?
689
In base 6, what is 1 - 1510043?
-1510042
In base 5, what is -212133 + -2443?
-220131
In base 6, what is -202354 + 24?
-202330
In base 11, what is 22764 + 3?
22767
In base 8, what is -3567 + 631?
-2736
In base 4, what is -1213323312 + -2?
-1213323320
In base 9, what is -370638 - 3?
-370642
In base 12, what is -381 - aa?
-46b
In base 6, what is -2454 - -2?
-2452
In base 8, what is -4 + -6024?
-6030
In base 12, what is 264 + 2633?
2897
In base 4, what is 220 - -20123?
21003
In base 11, what is -16 - 118116?
-118131
In base 15, what is -de + -9b?
-18a
In base 6, what is 40421 + 1?
40422
In base 7, what is 0 + 45536?
45536
In base 13, what is 125 + -94ca?
-93a5
In base 14, what is -c - -142ad?
142a1
In base 5, what is -20402020 - 22?
-20402042
In base 12, what is 5 + 1a0a1?
1a0a6
In base 4, what is 0 - -1030102?
1030102
In base 5, what is 203330103 + 0?
203330103
In base 11, what is a82 + -5?
a78
In base 4, what is -21212213022 - 3?
-21212213031
In base 6, what is 5 - 404214?
-404205
In base 6, what is -3301514 + 3?
-3301511
In base 9, what is -1 - 1222472?
-1222473
In base 5, what is 2222 + 1010?
3232
In base 15, what is 1d4be - 3?
1d4bb
In base 15, what is 6191 + -4?
618c
In base 14, what is -c45 - 40a?
-1251
In base 11, what is 33389 + 11?
3339a
In base 6, what is 5055041 + -2?
5055035
In base 13, what is -216 - 350?
-566
In base 16, what is -45e - ad?
-50b
In base 15, what is 1a74 - -48?
1abc
In base 8, what is -24227 + 3?
-24224
In base 16, what is 0 - 10afe?
-10afe
In base 4, what is 23100 + 2?
23102
In base 11, what is -2 + -62011?
-62013
In base 11, what is -15 + -939?
-953
In base 2, what is -10 - -1101011110?
1101011100
In base 2, what is 100000110101101 + 101?
100000110110010
In base 10, what is -477 - 20?
-497
In base 8, what is 3 + -125